{"id":445,"date":"2016-09-27T10:30:02","date_gmt":"2016-09-27T10:30:02","guid":{"rendered":"http:\/\/fitness2.mythemecloud.io\/?page_id=445"},"modified":"2026-03-12T17:33:15","modified_gmt":"2026-03-12T16:33:15","slug":"contact","status":"publish","type":"page","link":"https:\/\/www.vyevents.fr\/index.php\/contact\/","title":{"rendered":"Contact"},"content":{"rendered":"\t\t<div data-elementor-type=\"wp-post\" data-elementor-id=\"445\" class=\"elementor elementor-445\">\n\t\t\t\t<div class=\"elementor-element elementor-element-9541a59 e-flex e-con-boxed e-con e-parent\" data-id=\"9541a59\" data-element_type=\"container\" data-e-type=\"container\" data-settings=\"{&quot;shape_divider_bottom&quot;:&quot;mountains&quot;}\">\n\t\t\t\t\t<div class=\"e-con-inner\">\n\t\t\t\t<div class=\"elementor-shape elementor-shape-bottom\" aria-hidden=\"true\" data-negative=\"false\">\n\t\t\t<svg xmlns=\"http:\/\/www.w3.org\/2000\/svg\" viewBox=\"0 0 1000 100\" preserveAspectRatio=\"none\">\n\t<path class=\"elementor-shape-fill\" opacity=\"0.33\" d=\"M473,67.3c-203.9,88.3-263.1-34-320.3,0C66,119.1,0,59.7,0,59.7V0h1000v59.7 c0,0-62.1,26.1-94.9,29.3c-32.8,3.3-62.8-12.3-75.8-22.1C806,49.6,745.3,8.7,694.9,4.7S492.4,59,473,67.3z\"\/>\n\t<path class=\"elementor-shape-fill\" opacity=\"0.66\" d=\"M734,67.3c-45.5,0-77.2-23.2-129.1-39.1c-28.6-8.7-150.3-10.1-254,39.1 s-91.7-34.4-149.2,0C115.7,118.3,0,39.8,0,39.8V0h1000v36.5c0,0-28.2-18.5-92.1-18.5C810.2,18.1,775.7,67.3,734,67.3z\"\/>\n\t<path class=\"elementor-shape-fill\" d=\"M766.1,28.9c-200-57.5-266,65.5-395.1,19.5C242,1.8,242,5.4,184.8,20.6C128,35.8,132.3,44.9,89.9,52.5C28.6,63.7,0,0,0,0 h1000c0,0-9.9,40.9-83.6,48.1S829.6,47,766.1,28.9z\"\/>\n<\/svg>\t\t<\/div>\n\t\t\t\t\t<\/div>\n\t\t\t\t<\/div>\n\t\t<div class=\"elementor-element elementor-element-9f06335 e-flex e-con-boxed e-con e-parent\" data-id=\"9f06335\" data-element_type=\"container\" data-e-type=\"container\" data-settings=\"{&quot;background_background&quot;:&quot;classic&quot;}\">\n\t\t\t\t\t<div class=\"e-con-inner\">\n\t\t<div class=\"elementor-element elementor-element-1f69b3f e-con-full e-flex e-con e-child\" data-id=\"1f69b3f\" data-element_type=\"container\" data-e-type=\"container\">\n\t\t\t\t<div class=\"elementor-element elementor-element-8889748 elementor-widget elementor-widget-image\" data-id=\"8889748\" data-element_type=\"widget\" data-e-type=\"widget\" data-widget_type=\"image.default\">\n\t\t\t\t\t\t\t\t\t\t\t\t\t\t\t<img decoding=\"async\" width=\"150\" height=\"150\" src=\"https:\/\/www.vyevents.fr\/wp-content\/uploads\/2026\/02\/cropped-Vy-Events-Turq-violet-1-150x150.png\" class=\"attachment-thumbnail size-thumbnail wp-image-1281\" alt=\"\" srcset=\"https:\/\/www.vyevents.fr\/wp-content\/uploads\/2026\/02\/cropped-Vy-Events-Turq-violet-1-150x150.png 150w, https:\/\/www.vyevents.fr\/wp-content\/uploads\/2026\/02\/cropped-Vy-Events-Turq-violet-1-300x300.png 300w, https:\/\/www.vyevents.fr\/wp-content\/uploads\/2026\/02\/cropped-Vy-Events-Turq-violet-1-270x270.png 270w, https:\/\/www.vyevents.fr\/wp-content\/uploads\/2026\/02\/cropped-Vy-Events-Turq-violet-1-192x192.png 192w, https:\/\/www.vyevents.fr\/wp-content\/uploads\/2026\/02\/cropped-Vy-Events-Turq-violet-1-180x180.png 180w, https:\/\/www.vyevents.fr\/wp-content\/uploads\/2026\/02\/cropped-Vy-Events-Turq-violet-1-32x32.png 32w, https:\/\/www.vyevents.fr\/wp-content\/uploads\/2026\/02\/cropped-Vy-Events-Turq-violet-1.png 512w\" sizes=\"(max-width: 150px) 100vw, 150px\" \/>\t\t\t\t\t\t\t\t\t\t\t\t\t\t\t<\/div>\n\t\t\t\t<\/div>\n\t\t<div class=\"elementor-element elementor-element-75f183d e-con-full e-flex e-con e-child\" data-id=\"75f183d\" data-element_type=\"container\" data-e-type=\"container\">\n\t\t\t\t<div class=\"elementor-element elementor-element-9928e81 elementor-widget elementor-widget-text-editor\" data-id=\"9928e81\" data-element_type=\"widget\" data-e-type=\"widget\" data-widget_type=\"text-editor.default\">\n\t\t\t\t\t\t\t\t\t<h2><strong>Sylvie SHOU<\/strong><\/h2><p>Pilote de projet \u00e9v\u00e9nementiel<\/p><p><strong>07 89 01 09 36\u00a0<\/strong><\/p><p><strong>sylvie@vyevents.fr<\/strong><\/p>\t\t\t\t\t\t\t\t<\/div>\n\t\t\t\t<\/div>\n\t\t<div class=\"elementor-element elementor-element-8148e56 e-con-full e-flex e-con e-child\" data-id=\"8148e56\" data-element_type=\"container\" data-e-type=\"container\">\n\t\t\t\t<div class=\"elementor-element elementor-element-daa5ee4 elementor-widget elementor-widget-wpforms\" data-id=\"daa5ee4\" data-element_type=\"widget\" data-e-type=\"widget\" data-widget_type=\"wpforms.default\">\n\t\t\t\t<div class=\"elementor-widget-container\">\n\t\t\t\t\t<style id=\"wpforms-css-vars-elementor-widget-daa5ee4\">\n\t\t\t\t.elementor-widget-wpforms.elementor-element-daa5ee4 {\n\t\t\t\t--wpforms-field-background-color: #FFFFFF;\n--wpforms-label-color: #4F3483;\n--wpforms-label-sublabel-color: #1CB3A7;\n--wpforms-field-text-color: #FFFFFF;\n--wpforms-field-size-input-height: 31px;\n--wpforms-field-size-input-spacing: 10px;\n--wpforms-field-size-font-size: 14px;\n--wpforms-field-size-line-height: 17px;\n--wpforms-field-size-padding-h: 9px;\n--wpforms-field-size-checkbox-size: 14px;\n--wpforms-field-size-sublabel-spacing: 5px;\n--wpforms-field-size-icon-size: 0.75;\n\t\t\t}\n\t\t\t<\/style><div class=\"wpforms-container wpforms-container-full wpforms-render-modern\" id=\"wpforms-1618\"><form id=\"wpforms-form-1618\" class=\"wpforms-validate wpforms-form wpforms-ajax-form\" data-formid=\"1618\" method=\"post\" enctype=\"multipart\/form-data\" action=\"\/index.php\/wp-json\/wp\/v2\/pages\/445\" data-token=\"3dade4d9f19daa14373d6f7c79b015d4\" data-token-time=\"1776861925\"><div class=\"wpforms-head-container\"><div class=\"wpforms-title\">Discutons de votre projet <\/div><\/div><noscript class=\"wpforms-error-noscript\">Veuillez activer JavaScript dans votre navigateur pour remplir ce formulaire.<\/noscript><div id=\"wpforms-error-noscript\" style=\"display: none;\">Veuillez activer JavaScript dans votre navigateur pour remplir ce formulaire.<\/div><div class=\"wpforms-field-container\"><div id=\"wpforms-1618-field_1-container\" class=\"wpforms-field wpforms-field-name\" data-field-id=\"1\"><fieldset><legend class=\"wpforms-field-label\">Vous <span class=\"wpforms-required-label\" aria-hidden=\"true\">*<\/span><\/legend><div class=\"wpforms-field-row wpforms-field-medium\"><div class=\"wpforms-field-row-block wpforms-first wpforms-one-half\"><input type=\"text\" id=\"wpforms-1618-field_1\" class=\"wpforms-field-name-first wpforms-field-required\" name=\"wpforms[fields][1][first]\" aria-errormessage=\"wpforms-1618-field_1-error\" required><label for=\"wpforms-1618-field_1\" class=\"wpforms-field-sublabel after\">Pr\u00e9nom<\/label><\/div><div class=\"wpforms-field-row-block wpforms-one-half\"><input type=\"text\" id=\"wpforms-1618-field_1-last\" class=\"wpforms-field-name-last wpforms-field-required\" name=\"wpforms[fields][1][last]\" aria-errormessage=\"wpforms-1618-field_1-last-error\" required><label for=\"wpforms-1618-field_1-last\" class=\"wpforms-field-sublabel after\">Nom<\/label><\/div><\/div><\/fieldset><\/div><div id=\"wpforms-1618-field_2-container\" class=\"wpforms-field wpforms-field-email\" data-field-id=\"2\"><label class=\"wpforms-field-label\" for=\"wpforms-1618-field_2\">E-mail <span class=\"wpforms-required-label\" aria-hidden=\"true\">*<\/span><\/label><input type=\"email\" id=\"wpforms-1618-field_2\" class=\"wpforms-field-medium wpforms-field-required\" name=\"wpforms[fields][2]\" spellcheck=\"false\" aria-errormessage=\"wpforms-1618-field_2-error\" required><\/div>\t\t<div id=\"wpforms-1618-field_4-container\"\n\t\t\tclass=\"wpforms-field wpforms-field-text\"\n\t\t\tdata-field-type=\"text\"\n\t\t\tdata-field-id=\"4\"\n\t\t\t>\n\t\t\t<label class=\"wpforms-field-label\" for=\"wpforms-1618-field_4\" >E-mail Votre Vous<\/label>\n\t\t\t<input type=\"text\" id=\"wpforms-1618-field_4\" class=\"wpforms-field-medium\" name=\"wpforms[fields][4]\" >\n\t\t<\/div>\n\t\t<div id=\"wpforms-1618-field_5-container\" class=\"wpforms-field wpforms-field-text\" data-field-id=\"5\"><label class=\"wpforms-field-label\" for=\"wpforms-1618-field_5\">T\u00e9l\u00e9phone <span class=\"wpforms-required-label\" aria-hidden=\"true\">*<\/span><\/label><input type=\"text\" id=\"wpforms-1618-field_5\" class=\"wpforms-field-medium wpforms-field-required\" name=\"wpforms[fields][5]\" aria-errormessage=\"wpforms-1618-field_5-error\" required><\/div><div id=\"wpforms-1618-field_3-container\" class=\"wpforms-field wpforms-field-textarea\" data-field-id=\"3\"><label class=\"wpforms-field-label\" for=\"wpforms-1618-field_3\">Votre projet <span class=\"wpforms-required-label\" aria-hidden=\"true\">*<\/span><\/label><textarea id=\"wpforms-1618-field_3\" class=\"wpforms-field-medium wpforms-field-required\" name=\"wpforms[fields][3]\" aria-errormessage=\"wpforms-1618-field_3-error\" required><\/textarea><\/div><script>\n\t\t\t\t( function() {\n\t\t\t\t\tconst style = document.createElement( 'style' );\n\t\t\t\t\tstyle.appendChild( document.createTextNode( '#wpforms-1618-field_4-container { position: absolute !important; overflow: hidden !important; display: inline !important; height: 1px !important; width: 1px !important; z-index: -1000 !important; padding: 0 !important; } #wpforms-1618-field_4-container input { visibility: hidden; } #wpforms-conversational-form-page #wpforms-1618-field_4-container label { counter-increment: none; }' ) );\n\t\t\t\t\tdocument.head.appendChild( style );\n\t\t\t\t\tdocument.currentScript?.remove();\n\t\t\t\t} )();\n\t\t\t<\/script><\/div><!-- .wpforms-field-container --><div class=\"wpforms-submit-container\" ><input type=\"hidden\" name=\"wpforms[id]\" value=\"1618\"><input type=\"hidden\" name=\"page_title\" value=\"\"><input type=\"hidden\" name=\"page_url\" value=\"https:\/\/www.vyevents.fr\/index.php\/wp-json\/wp\/v2\/pages\/445\"><input type=\"hidden\" name=\"url_referer\" value=\"\"><button type=\"submit\" name=\"wpforms[submit]\" id=\"wpforms-submit-1618\" class=\"wpforms-submit\" data-alt-text=\"Envoi...\" data-submit-text=\"Envoyer\" aria-live=\"assertive\" value=\"wpforms-submit\">Envoyer<\/button><img decoding=\"async\" src=\"https:\/\/www.vyevents.fr\/wp-content\/plugins\/wpforms-lite\/assets\/images\/submit-spin.svg\" class=\"wpforms-submit-spinner\" style=\"display: none;\" width=\"26\" height=\"26\" alt=\"Chargement en cours\"><\/div><\/form><\/div>  <!-- .wpforms-container -->\t\t\t\t<\/div>\n\t\t\t\t<\/div>\n\t\t\t\t<\/div>\n\t\t\t\t\t<\/div>\n\t\t\t\t<\/div>\n\t\t<div class=\"elementor-element elementor-element-efafae6 e-flex e-con-boxed e-con e-parent\" data-id=\"efafae6\" data-element_type=\"container\" data-e-type=\"container\" data-settings=\"{&quot;shape_divider_top&quot;:&quot;mountains&quot;}\">\n\t\t\t\t\t<div class=\"e-con-inner\">\n\t\t\t\t<div class=\"elementor-shape elementor-shape-top\" aria-hidden=\"true\" data-negative=\"false\">\n\t\t\t<svg xmlns=\"http:\/\/www.w3.org\/2000\/svg\" viewBox=\"0 0 1000 100\" preserveAspectRatio=\"none\">\n\t<path class=\"elementor-shape-fill\" opacity=\"0.33\" d=\"M473,67.3c-203.9,88.3-263.1-34-320.3,0C66,119.1,0,59.7,0,59.7V0h1000v59.7 c0,0-62.1,26.1-94.9,29.3c-32.8,3.3-62.8-12.3-75.8-22.1C806,49.6,745.3,8.7,694.9,4.7S492.4,59,473,67.3z\"\/>\n\t<path class=\"elementor-shape-fill\" opacity=\"0.66\" d=\"M734,67.3c-45.5,0-77.2-23.2-129.1-39.1c-28.6-8.7-150.3-10.1-254,39.1 s-91.7-34.4-149.2,0C115.7,118.3,0,39.8,0,39.8V0h1000v36.5c0,0-28.2-18.5-92.1-18.5C810.2,18.1,775.7,67.3,734,67.3z\"\/>\n\t<path class=\"elementor-shape-fill\" d=\"M766.1,28.9c-200-57.5-266,65.5-395.1,19.5C242,1.8,242,5.4,184.8,20.6C128,35.8,132.3,44.9,89.9,52.5C28.6,63.7,0,0,0,0 h1000c0,0-9.9,40.9-83.6,48.1S829.6,47,766.1,28.9z\"\/>\n<\/svg>\t\t<\/div>\n\t\t\t\t\t<\/div>\n\t\t\t\t<\/div>\n\t\t\t\t<\/div>\n\t\t","protected":false},"excerpt":{"rendered":"<p>Sylvie SHOU Pilote de projet \u00e9v\u00e9nementiel 07 89 01 09 36\u00a0 sylvie@vyevents.fr Discutons de votre projet Veuillez activer JavaScript dans votre navigateur pour remplir ce formulaire.Veuillez activer JavaScript dans votre navigateur pour remplir ce formulaire. Vous * Pr\u00e9nomNom E-mail *T\u00e9l\u00e9phone *Votre projet * Envoyer<\/p>\n","protected":false},"author":1,"featured_media":0,"parent":0,"menu_order":0,"comment_status":"closed","ping_status":"closed","template":"","meta":{"ocean_post_layout":"full-screen","ocean_both_sidebars_style":"","ocean_both_sidebars_content_width":0,"ocean_both_sidebars_sidebars_width":0,"ocean_sidebar":"","ocean_second_sidebar":"","ocean_disable_margins":"on","ocean_add_body_class":"","ocean_shortcode_before_top_bar":"","ocean_shortcode_after_top_bar":"","ocean_shortcode_before_header":"","ocean_shortcode_after_header":"","ocean_has_shortcode":"","ocean_shortcode_after_title":"","ocean_shortcode_before_footer_widgets":"","ocean_shortcode_after_footer_widgets":"","ocean_shortcode_before_footer_bottom":"","ocean_shortcode_after_footer_bottom":"","ocean_display_top_bar":"default","ocean_display_header":"default","ocean_header_style":"","ocean_center_header_left_menu":"","ocean_custom_header_template":"","ocean_custom_logo":0,"ocean_custom_retina_logo":0,"ocean_custom_logo_max_width":0,"ocean_custom_logo_tablet_max_width":0,"ocean_custom_logo_mobile_max_width":0,"ocean_custom_logo_max_height":0,"ocean_custom_logo_tablet_max_height":0,"ocean_custom_logo_mobile_max_height":0,"ocean_header_custom_menu":"","ocean_menu_typo_font_family":"","ocean_menu_typo_font_subset":"","ocean_menu_typo_font_size":0,"ocean_menu_typo_font_size_tablet":0,"ocean_menu_typo_font_size_mobile":0,"ocean_menu_typo_font_size_unit":"px","ocean_menu_typo_font_weight":"","ocean_menu_typo_font_weight_tablet":"","ocean_menu_typo_font_weight_mobile":"","ocean_menu_typo_transform":"","ocean_menu_typo_transform_tablet":"","ocean_menu_typo_transform_mobile":"","ocean_menu_typo_line_height":0,"ocean_menu_typo_line_height_tablet":0,"ocean_menu_typo_line_height_mobile":0,"ocean_menu_typo_line_height_unit":"","ocean_menu_typo_spacing":0,"ocean_menu_typo_spacing_tablet":0,"ocean_menu_typo_spacing_mobile":0,"ocean_menu_typo_spacing_unit":"","ocean_menu_link_color":"","ocean_menu_link_color_hover":"","ocean_menu_link_color_active":"","ocean_menu_link_background":"","ocean_menu_link_hover_background":"","ocean_menu_link_active_background":"","ocean_menu_social_links_bg":"","ocean_menu_social_hover_links_bg":"","ocean_menu_social_links_color":"","ocean_menu_social_hover_links_color":"","ocean_disable_title":"on","ocean_disable_heading":"default","ocean_post_title":"","ocean_post_subheading":"","ocean_post_title_style":"","ocean_post_title_background_color":"","ocean_post_title_background":0,"ocean_post_title_bg_image_position":"","ocean_post_title_bg_image_attachment":"","ocean_post_title_bg_image_repeat":"","ocean_post_title_bg_image_size":"","ocean_post_title_height":0,"ocean_post_title_bg_overlay":0.5,"ocean_post_title_bg_overlay_color":"","ocean_disable_breadcrumbs":"default","ocean_breadcrumbs_color":"","ocean_breadcrumbs_separator_color":"","ocean_breadcrumbs_links_color":"","ocean_breadcrumbs_links_hover_color":"","ocean_display_footer_widgets":"default","ocean_display_footer_bottom":"default","ocean_custom_footer_template":"","omw_enable_modal_window":"enable","footnotes":""},"class_list":["post-445","page","type-page","status-publish","hentry","entry"],"yoast_head":"<!-- This site is optimized with the Yoast SEO plugin v27.1.1 - https:\/\/yoast.com\/product\/yoast-seo-wordpress\/ -->\n<title>Contact - Vy Events<\/title>\n<meta name=\"robots\" content=\"index, follow, max-snippet:-1, max-image-preview:large, max-video-preview:-1\" \/>\n<link rel=\"canonical\" href=\"https:\/\/www.vyevents.fr\/index.php\/contact\/\" \/>\n<meta property=\"og:locale\" content=\"fr_FR\" \/>\n<meta property=\"og:type\" content=\"article\" \/>\n<meta property=\"og:title\" content=\"Contact - Vy Events\" \/>\n<meta property=\"og:description\" content=\"Sylvie SHOU Pilote de projet \u00e9v\u00e9nementiel 07 89 01 09 36\u00a0 sylvie@vyevents.fr Discutons de votre projet Veuillez activer JavaScript dans votre navigateur pour remplir ce formulaire.Veuillez activer JavaScript dans votre navigateur pour remplir ce formulaire. Vous * Pr\u00e9nomNom E-mail *T\u00e9l\u00e9phone *Votre projet * Envoyer\" \/>\n<meta property=\"og:url\" content=\"https:\/\/www.vyevents.fr\/index.php\/contact\/\" \/>\n<meta property=\"og:site_name\" content=\"Vy Events\" \/>\n<meta property=\"article:modified_time\" content=\"2026-03-12T16:33:15+00:00\" \/>\n<meta property=\"og:image\" content=\"https:\/\/www.vyevents.fr\/wp-content\/uploads\/2026\/02\/cropped-Vy-Events-Turq-violet-1.png\" \/>\n\t<meta property=\"og:image:width\" content=\"512\" \/>\n\t<meta property=\"og:image:height\" content=\"512\" \/>\n\t<meta property=\"og:image:type\" content=\"image\/png\" \/>\n<meta name=\"twitter:card\" content=\"summary_large_image\" \/>\n<meta name=\"twitter:label1\" content=\"Dur\u00e9e de lecture estim\u00e9e\" \/>\n\t<meta name=\"twitter:data1\" content=\"1 minute\" \/>\n<script type=\"application\/ld+json\" class=\"yoast-schema-graph\">{\"@context\":\"https:\/\/schema.org\",\"@graph\":[{\"@type\":\"WebPage\",\"@id\":\"https:\/\/www.vyevents.fr\/index.php\/contact\/\",\"url\":\"https:\/\/www.vyevents.fr\/index.php\/contact\/\",\"name\":\"Contact - Vy Events\",\"isPartOf\":{\"@id\":\"https:\/\/www.vyevents.fr\/#website\"},\"primaryImageOfPage\":{\"@id\":\"https:\/\/www.vyevents.fr\/index.php\/contact\/#primaryimage\"},\"image\":{\"@id\":\"https:\/\/www.vyevents.fr\/index.php\/contact\/#primaryimage\"},\"thumbnailUrl\":\"https:\/\/www.vyevents.fr\/wp-content\/uploads\/2026\/02\/cropped-Vy-Events-Turq-violet-1-150x150.png\",\"datePublished\":\"2016-09-27T10:30:02+00:00\",\"dateModified\":\"2026-03-12T16:33:15+00:00\",\"breadcrumb\":{\"@id\":\"https:\/\/www.vyevents.fr\/index.php\/contact\/#breadcrumb\"},\"inLanguage\":\"fr-FR\",\"potentialAction\":[{\"@type\":\"ReadAction\",\"target\":[\"https:\/\/www.vyevents.fr\/index.php\/contact\/\"]}]},{\"@type\":\"ImageObject\",\"inLanguage\":\"fr-FR\",\"@id\":\"https:\/\/www.vyevents.fr\/index.php\/contact\/#primaryimage\",\"url\":\"https:\/\/www.vyevents.fr\/wp-content\/uploads\/2026\/02\/cropped-Vy-Events-Turq-violet-1.png\",\"contentUrl\":\"https:\/\/www.vyevents.fr\/wp-content\/uploads\/2026\/02\/cropped-Vy-Events-Turq-violet-1.png\",\"width\":512,\"height\":512},{\"@type\":\"BreadcrumbList\",\"@id\":\"https:\/\/www.vyevents.fr\/index.php\/contact\/#breadcrumb\",\"itemListElement\":[{\"@type\":\"ListItem\",\"position\":1,\"name\":\"Accueil\",\"item\":\"https:\/\/www.vyevents.fr\/\"},{\"@type\":\"ListItem\",\"position\":2,\"name\":\"Contact\"}]},{\"@type\":\"WebSite\",\"@id\":\"https:\/\/www.vyevents.fr\/#website\",\"url\":\"https:\/\/www.vyevents.fr\/\",\"name\":\"Vy Events\",\"description\":\"Pilotage \u00c9v\u00e9nementiel\",\"publisher\":{\"@id\":\"https:\/\/www.vyevents.fr\/#organization\"},\"potentialAction\":[{\"@type\":\"SearchAction\",\"target\":{\"@type\":\"EntryPoint\",\"urlTemplate\":\"https:\/\/www.vyevents.fr\/?s={search_term_string}\"},\"query-input\":{\"@type\":\"PropertyValueSpecification\",\"valueRequired\":true,\"valueName\":\"search_term_string\"}}],\"inLanguage\":\"fr-FR\"},{\"@type\":\"Organization\",\"@id\":\"https:\/\/www.vyevents.fr\/#organization\",\"name\":\"Vy Events\",\"url\":\"https:\/\/www.vyevents.fr\/\",\"logo\":{\"@type\":\"ImageObject\",\"inLanguage\":\"fr-FR\",\"@id\":\"https:\/\/www.vyevents.fr\/#\/schema\/logo\/image\/\",\"url\":\"https:\/\/www.vyevents.fr\/wp-content\/uploads\/2026\/02\/cropped-Vy-Events-Turq-violet-1.png\",\"contentUrl\":\"https:\/\/www.vyevents.fr\/wp-content\/uploads\/2026\/02\/cropped-Vy-Events-Turq-violet-1.png\",\"width\":512,\"height\":512,\"caption\":\"Vy Events\"},\"image\":{\"@id\":\"https:\/\/www.vyevents.fr\/#\/schema\/logo\/image\/\"},\"sameAs\":[\"https:\/\/www.instagram.com\/vyevents.fr\/?utm_source=ig_web_button_share_sheet\"]}]}<\/script>\n<!-- \/ Yoast SEO plugin. -->","yoast_head_json":{"title":"Contact - Vy Events","robots":{"index":"index","follow":"follow","max-snippet":"max-snippet:-1","max-image-preview":"max-image-preview:large","max-video-preview":"max-video-preview:-1"},"canonical":"https:\/\/www.vyevents.fr\/index.php\/contact\/","og_locale":"fr_FR","og_type":"article","og_title":"Contact - Vy Events","og_description":"Sylvie SHOU Pilote de projet \u00e9v\u00e9nementiel 07 89 01 09 36\u00a0 sylvie@vyevents.fr Discutons de votre projet Veuillez activer JavaScript dans votre navigateur pour remplir ce formulaire.Veuillez activer JavaScript dans votre navigateur pour remplir ce formulaire. Vous * Pr\u00e9nomNom E-mail *T\u00e9l\u00e9phone *Votre projet * Envoyer","og_url":"https:\/\/www.vyevents.fr\/index.php\/contact\/","og_site_name":"Vy Events","article_modified_time":"2026-03-12T16:33:15+00:00","og_image":[{"width":512,"height":512,"url":"https:\/\/www.vyevents.fr\/wp-content\/uploads\/2026\/02\/cropped-Vy-Events-Turq-violet-1.png","type":"image\/png"}],"twitter_card":"summary_large_image","twitter_misc":{"Dur\u00e9e de lecture estim\u00e9e":"1 minute"},"schema":{"@context":"https:\/\/schema.org","@graph":[{"@type":"WebPage","@id":"https:\/\/www.vyevents.fr\/index.php\/contact\/","url":"https:\/\/www.vyevents.fr\/index.php\/contact\/","name":"Contact - Vy Events","isPartOf":{"@id":"https:\/\/www.vyevents.fr\/#website"},"primaryImageOfPage":{"@id":"https:\/\/www.vyevents.fr\/index.php\/contact\/#primaryimage"},"image":{"@id":"https:\/\/www.vyevents.fr\/index.php\/contact\/#primaryimage"},"thumbnailUrl":"https:\/\/www.vyevents.fr\/wp-content\/uploads\/2026\/02\/cropped-Vy-Events-Turq-violet-1-150x150.png","datePublished":"2016-09-27T10:30:02+00:00","dateModified":"2026-03-12T16:33:15+00:00","breadcrumb":{"@id":"https:\/\/www.vyevents.fr\/index.php\/contact\/#breadcrumb"},"inLanguage":"fr-FR","potentialAction":[{"@type":"ReadAction","target":["https:\/\/www.vyevents.fr\/index.php\/contact\/"]}]},{"@type":"ImageObject","inLanguage":"fr-FR","@id":"https:\/\/www.vyevents.fr\/index.php\/contact\/#primaryimage","url":"https:\/\/www.vyevents.fr\/wp-content\/uploads\/2026\/02\/cropped-Vy-Events-Turq-violet-1.png","contentUrl":"https:\/\/www.vyevents.fr\/wp-content\/uploads\/2026\/02\/cropped-Vy-Events-Turq-violet-1.png","width":512,"height":512},{"@type":"BreadcrumbList","@id":"https:\/\/www.vyevents.fr\/index.php\/contact\/#breadcrumb","itemListElement":[{"@type":"ListItem","position":1,"name":"Accueil","item":"https:\/\/www.vyevents.fr\/"},{"@type":"ListItem","position":2,"name":"Contact"}]},{"@type":"WebSite","@id":"https:\/\/www.vyevents.fr\/#website","url":"https:\/\/www.vyevents.fr\/","name":"Vy Events","description":"Pilotage \u00c9v\u00e9nementiel","publisher":{"@id":"https:\/\/www.vyevents.fr\/#organization"},"potentialAction":[{"@type":"SearchAction","target":{"@type":"EntryPoint","urlTemplate":"https:\/\/www.vyevents.fr\/?s={search_term_string}"},"query-input":{"@type":"PropertyValueSpecification","valueRequired":true,"valueName":"search_term_string"}}],"inLanguage":"fr-FR"},{"@type":"Organization","@id":"https:\/\/www.vyevents.fr\/#organization","name":"Vy Events","url":"https:\/\/www.vyevents.fr\/","logo":{"@type":"ImageObject","inLanguage":"fr-FR","@id":"https:\/\/www.vyevents.fr\/#\/schema\/logo\/image\/","url":"https:\/\/www.vyevents.fr\/wp-content\/uploads\/2026\/02\/cropped-Vy-Events-Turq-violet-1.png","contentUrl":"https:\/\/www.vyevents.fr\/wp-content\/uploads\/2026\/02\/cropped-Vy-Events-Turq-violet-1.png","width":512,"height":512,"caption":"Vy Events"},"image":{"@id":"https:\/\/www.vyevents.fr\/#\/schema\/logo\/image\/"},"sameAs":["https:\/\/www.instagram.com\/vyevents.fr\/?utm_source=ig_web_button_share_sheet"]}]}},"_links":{"self":[{"href":"https:\/\/www.vyevents.fr\/index.php\/wp-json\/wp\/v2\/pages\/445","targetHints":{"allow":["GET"]}}],"collection":[{"href":"https:\/\/www.vyevents.fr\/index.php\/wp-json\/wp\/v2\/pages"}],"about":[{"href":"https:\/\/www.vyevents.fr\/index.php\/wp-json\/wp\/v2\/types\/page"}],"author":[{"embeddable":true,"href":"https:\/\/www.vyevents.fr\/index.php\/wp-json\/wp\/v2\/users\/1"}],"replies":[{"embeddable":true,"href":"https:\/\/www.vyevents.fr\/index.php\/wp-json\/wp\/v2\/comments?post=445"}],"version-history":[{"count":37,"href":"https:\/\/www.vyevents.fr\/index.php\/wp-json\/wp\/v2\/pages\/445\/revisions"}],"predecessor-version":[{"id":1645,"href":"https:\/\/www.vyevents.fr\/index.php\/wp-json\/wp\/v2\/pages\/445\/revisions\/1645"}],"wp:attachment":[{"href":"https:\/\/www.vyevents.fr\/index.php\/wp-json\/wp\/v2\/media?parent=445"}],"curies":[{"name":"wp","href":"https:\/\/api.w.org\/{rel}","templated":true}]}}